c). What is the greatest common factor of 6 and x?
6
Suppose 186 = -4*q - 2*q. Let z = 42 + q. Let m(r) = 3*r - 5. Let h be m(2). What is the highest common factor of h and z?
1
Let o be -6*((-7696)/12)/4. Calculate the highest common factor of o and 598.
26
Let s be 1694/220 + (-1)/2 + (-240)/200. Suppose -3*y - 22 = 56. Let z = 74 + y. Calculate the highest common divisor of z and s.
6
Suppose 0 = -m - 4*z - 134, -5*z + 9*z = 12. Let r = m + 214. Suppose 3*j = 2*j + 34. Calculate the highest common divisor of r and j.
34
Let n(q) = 3*q**3 - 20*q**2 + 14*q - 15. Let k be n(6). Let d be ((-22)/3)/(k/9). What is the highest common factor of 66 and d?
22
Let w(v) = -3 - 7 + 17 + 2*v**2 + v**3 - 4*v. Let g be w(-6). Let l = g - -193. Calculate the highest common factor of l and 16.
16
Suppose 48*q - 23*q + 19710 = 35*q. Calculate the greatest common factor of q and 146.
73
Let a = 42 - 36. Suppose -16*q + 130 = -a*q. What is the greatest common factor of 13 and q?
13
Let o(u) = 3*u**2 - 2*u. Let n be o(2). Suppose -107*v = -105*v - 8. Suppose v*s + 12 = n*s. What is the highest common divisor of 57 and s?
3
Let y(d) = -96*d - 1672. Let f be y(-18). Calculate the greatest common divisor of f and 350.
14
Suppose -4*k = 5*w - 3927 + 947, 3758 = 5*k - 2*w. Calculate the highest common divisor of k and 255.
15
Suppose -95*a + 35*a = -122*a + 49662. Calculate the greatest common divisor of a and 9.
9
Let y be (-4)/56*94 + (-8)/28. Let u(h) = -h**3 - 8*h**2 - 13*h - 21. Let v be u(y). What is the greatest common divisor of 3 and v?
3
Let u = 1553 + -951. Calculate the highest common divisor of u and 14.
14
Suppose -119*a = -2381 - 1546. Calculate the greatest common divisor of 1738 and a.
11
Let o(t) = -11*t**3 + 36*t**2 + 96*t - 21. Let c be o(-6). What is the highest common divisor of c and 12?
3
Let v be 8610/245 + (-12)/(-14). What is the highest common factor of 2844 and v?
36
Let l(u) = u - 4. Let v be l(6). Suppose 0*x = 3*x + w - 45, v*x = 5*w + 13. Let c = 1063 + -1049. What is the highest common divisor of x and c?
14
Let s(v) = 2*v**3 - 4*v**2 - 21*v - 46. Let c be s(9). Let x(k) = 5*k - 11. Let i be x(8). What is the greatest common divisor of i and c?
29
Let m be 22911/273 - (0 - 3/39). What is the greatest common factor of m and 4128?
12
Suppose -15*c + 19*c - 4*r - 42176 = 0, 4*r = 5*c - 52711. Calculate the highest common factor of 430 and c.
215
Suppose -1692 = -88*g - 6*g. Calculate the greatest common factor of g and 2814.
6
Suppose -3*f + 760 = 865. Let j be f/((-10)/(-2)) + 82. What is the highest common divisor of j and 15?
15
Let s be 3930 + (-6 + 9 - 13). What is the highest common divisor of s and 80?
80
Let x be (-462)/1540 - (-56412)/40. Calculate the highest common factor of x and 90.
30
Suppose 12 = 2*q - 2*c, -27*c + 26*c = 4*q - 14. What is the greatest common factor of q and 7204?
4
Let u be 5/(5/4) - (-1 - 3). Suppose -10*k + u = -2. What is the greatest common factor of k and 3?
1
Suppose -15*i - 102 + 810 = -12*i. What is the greatest common divisor of 590 and i?
118
Let r be 218 + (0 - -2)/(-2). Suppose 76*b + 26 = 2*o + 73*b, 0 = -18*o + 3*b + 522. Calculate the highest common factor of o and r.
31
Let r be ((-35)/(-5) + 2)/(4/(-4)). Let a be 9/(-12)*(-6)/r*-120. Calculate the greatest common divisor of a and 140.
20
Let y = 9 + 82. Suppose 3*x + 27 = -3*c - 0*x, 5*c - 3*x + 69 = 0. Let g(a) = -a + 1. Let s be g(c). Calculate the greatest common divisor of y and s.
13
Suppose -248*q + 237*q = -1320. Suppose -5*n + 144 = -2*n. Calculate the greatest common factor of q and n.
24
Let i be ((80/96)/((-2)/(-342)))/((-4)/(-24)). Calculate the highest common factor of i and 38.
19
Suppose 118*i - 27279 = 10009. What is the highest common factor of i and 36?
4
Let b = 3808 - 3409. Let f(d) = d**2 + 14*d - 9. Let n be f(-17). What is the greatest common factor of n and b?
21
Let t = 3006 + -2931. What is the greatest common factor of 1375 and t?
25
Let i = -83 + 83. Suppose 4*s - 132 = -2*z - 28, i = -4*z - 2*s + 226. Calculate the highest common factor of 406 and z.
58
Let m(w) = 40*w**3 + 56*w**2 - 464*w. Let l be m(10). What is the greatest common factor of 80 and l?
80
Let p be 1 + (-3 + -2 - -6). Let g be (((-240)/(-36))/(2/21))/p. Calculate the greatest common factor of 245 and g.
35
Let s = -73 - -123. Let l be 3980/s + 2/5. What is the greatest common divisor of 120 and l?
40
Let b(p) = 3*p**2 - 30*p + 50. Let j be b(2). What is the highest common factor of 626 and j?
2
Let q be -5*(0 + (-6)/5). Suppose -158*i - 223 = -136*i - 619. Calculate the highest common divisor of i and q.
6
Let i be 3055/15 + 6/(-9). Suppose 5*t + n - i = 0, 4*t - 5*n - 8 - 137 = 0. Calculate the highest common factor of t and 8.
8
Let q be (-3455487)/(-315) + 7/(-70)*2/(-1). What is the greatest common factor of q and 10?
10
Suppose -19*j + 4*j = -139200. Let g be (j/48 + 12)*(-3)/(-2). What is the highest common factor of g and 28?
28
Suppose 180*x - 96546 - 306954 - 3582420 = 0. Calculate the greatest common divisor of x and 16.
16
Let g(q) = 56*q - 771. Let u be g(81). Calculate the greatest common divisor of u and 30.
15
Suppose -533 - 28 = -18*q + 87. Calculate the highest common factor of q and 63.
9
Suppose -65*a + p - 8383 = -66*a, -5*a - 2*p + 41900 = 0. Calculate the greatest common divisor of 142 and a.
142
Let d = -7330 + 12481. What is the greatest common factor of 153 and d?
51
Let u = -4167 + 6105. Calculate the highest common divisor of 18 and u.
6
Suppose 2*o + 71 = g, -2*g - 886 = o - 1003. Calculate the highest common divisor of g and 25559.
61
Suppose -6*d + 56*d = 810732 - 90732. Calculate the greatest common divisor of 12 and d.
12
Suppose 31*g + 101 + 178 = 0. Let x be 210/g*(-84)/98. Calculate the greatest common divisor of 60 and x.
20
Suppose -65906 = -22*i - 16472. Calculate the highest common factor of 7383 and i.
321
Suppose 0 = -13*p + 4347 - 291. Suppose 0 = -3*i - 2*q + 292, i - 4*i = -3*q - p. Calculate the highest common factor of i and 20.
20
Let d be 5/((-170)/(-4)) - ((-5063120)/68)/20. What is the greatest common divisor of d and 204?
51
Suppose -1897 = -a + 5*l - 263, 6464 = 4*a - 2*l. What is the greatest common divisor of 6 and a?
6
Let x be (-238)/(-20) - 31/(-7130)*23. Calculate the highest common factor of 235 and x.
1
Suppose -4*w - 4*b = -167 - 29, w - 4*b - 34 = 0. What is the highest common divisor of 207 and w?
23
Let j be 52/(-130)*-10 + (-49)/(-1*1). What is the greatest common factor of j and 1113?
53
Let c = 59 + -23. Let j be 44*c/(-16)*1. Let l = j + 101. What is the greatest common factor of l and 1?
1
Suppose -3*j + 2*o = -2*o + 8, 10 = 5*o. Suppose j = 5*z - 29 - 31. What is the highest common factor of 312 and z?
12
Let y(f) = -36*f - 221. Let u be y(-6). Let s be (10/u)/(-2 - (-258)/132). What is the greatest common divisor of 20 and s?
4
Suppose -154273 - 190549 = -1471*x + 27341. Suppose y - 46 = -y. Calculate the highest common factor of y and x.
23
Suppose 0 = 215*m - 108*m - 119840. What is the highest common factor of 6440 and m?
280
Suppose -6*x - 353 = 709. Let p = x + 193. Calculate the greatest common factor of p and 40.
8
Suppose -20 = 4*k, 3*c + 9*k = 5*k + 148. What is the greatest common factor of 2324 and c?
28
Let s = -11954 + 13280. What is the highest common divisor of s and 170?
34
Let s(n) = 151*n**2 - 442*n + 880. Let f be s(2). What is the greatest common factor of 450 and f?
150
Suppose -2*q = 3*q - 10. Suppose 3*s = q*s, 4*n - 104 = 4*s. Let a(r) = -7*r - 113. Let x be a(-18). What is the highest common divisor of n and x?
13
Suppose 5*r = 3*j + 221, 235 = 5*r - 25*j + 20*j. Calculate the highest common divisor of 1910 and r.
10
Suppose 0 = 37*r - 27*r - 30. Suppose -2*u + 140 = -d, r*u - 350 = -2*u + 2*d. Calculate the highest common factor of 21 and u.
7
Let w be (-143)/33 + (-279740)/(-15). What is the highest common divisor of 165 and w?
165
Let f = 1233 - 767. Suppose f = -5*u + 1896. Calculate the greatest common factor of 22 and u.
22
Suppose 42*u + 988 = 46*u. Let x = -235 + u. What is the highest common factor of x and 52?
4
Let a = 593 + -589. Suppose 2*n - a*q - 128 = q, -5*q + 192 = 3*n. Calculate the highest common factor of 128 and n.
64
Let